{"id":19,"date":"2022-01-25T17:49:26","date_gmt":"2022-01-25T17:49:26","guid":{"rendered":"https:\/\/coolala.si\/podrobno\/?page_id=19"},"modified":"2022-01-25T17:51:28","modified_gmt":"2022-01-25T17:51:28","slug":"kreativne-resitve","status":"publish","type":"page","link":"https:\/\/coolala.si\/podrobno\/index.php\/kreativne-resitve\/","title":{"rendered":"Kreativne re\u0161itve"},"content":{"rendered":"<p>[et_pb_section fb_built=&#8221;1&#8243; _builder_version=&#8221;4.7.1&#8243; _module_preset=&#8221;default&#8221;][et_pb_row _builder_version=&#8221;4.7.1&#8243; _module_preset=&#8221;default&#8221;][et_pb_column type=&#8221;4_4&#8243; _builder_version=&#8221;4.7.1&#8243; _module_preset=&#8221;default&#8221;][et_pb_text _builder_version=&#8221;4.7.1&#8243; _module_preset=&#8221;default&#8221;]<\/p>\n<h2 style=\"text-align: center;\">Kreativne re\u0161itve<\/h2>\n<p>Pripravljamo dogodke, programe in prireditve ter poskrbimo za njihovo celostno izvedbo. Pri tem smo u\u010dinkoviti in racionalni.<\/p>\n<p>Ko nam nekdo re\u010de &#8220;tega se ne da!&#8221;, mi najprej pre\u010drtamo besedo &#8220;ne&#8221;. Verjamemo v to, da lahko najdemo re\u0161itev. \u0160e ve\u010d, najdemo tako re\u0161itev, ki je naro\u010dniku v\u0161e\u010d.<\/p>\n<p>Veselimo se vsakega izziva in prilo\u017enosti, ko vam poka\u017eemo, kako nepredstavljivo postane resni\u010dno.<\/p>\n<p>&nbsp;<\/p>\n<p>[\/et_pb_text][\/et_pb_column][\/et_pb_row][\/et_pb_section]<\/p>\n","protected":false},"excerpt":{"rendered":"<p>[et_pb_section fb_built=&#8221;1&#8243; _builder_version=&#8221;4.7.1&#8243; _module_preset=&#8221;default&#8221;][et_pb_row _builder_version=&#8221;4.7.1&#8243; _module_preset=&#8221;default&#8221;][et_pb_column type=&#8221;4_4&#8243; _builder_version=&#8221;4.7.1&#8243; _module_preset=&#8221;default&#8221;][et_pb_text _builder_version=&#8221;4.7.1&#8243; _module_preset=&#8221;default&#8221;] Kreativne re\u0161itve Pripravljamo dogodke, programe in prireditve ter poskrbimo za njihovo celostno izvedbo. Pri tem smo u\u010dinkoviti in racionalni. Ko nam nekdo re\u010de &#8220;tega se ne da!&#8221;, mi najprej pre\u010drtamo besedo &#8220;ne&#8221;. Verjamemo v to, da lahko najdemo re\u0161itev. \u0160e ve\u010d, najdemo tako re\u0161itev, [&hellip;]<\/p>\n","protected":false},"author":1,"featured_media":0,"parent":0,"menu_order":0,"comment_status":"closed","ping_status":"closed","template":"page-template-blank.php","meta":{"_et_pb_use_builder":"on","_et_pb_old_content":"<!-- wp:divi\/placeholder \/-->","_et_gb_content_width":"","om_disable_all_campaigns":false,"_mi_skip_tracking":false},"_links":{"self":[{"href":"https:\/\/coolala.si\/podrobno\/index.php\/wp-json\/wp\/v2\/pages\/19"}],"collection":[{"href":"https:\/\/coolala.si\/podrobno\/index.php\/wp-json\/wp\/v2\/pages"}],"about":[{"href":"https:\/\/coolala.si\/podrobno\/index.php\/wp-json\/wp\/v2\/types\/page"}],"author":[{"embeddable":true,"href":"https:\/\/coolala.si\/podrobno\/index.php\/wp-json\/wp\/v2\/users\/1"}],"replies":[{"embeddable":true,"href":"https:\/\/coolala.si\/podrobno\/index.php\/wp-json\/wp\/v2\/comments?post=19"}],"version-history":[{"count":3,"href":"https:\/\/coolala.si\/podrobno\/index.php\/wp-json\/wp\/v2\/pages\/19\/revisions"}],"predecessor-version":[{"id":23,"href":"https:\/\/coolala.si\/podrobno\/index.php\/wp-json\/wp\/v2\/pages\/19\/revisions\/23"}],"wp:attachment":[{"href":"https:\/\/coolala.si\/podrobno\/index.php\/wp-json\/wp\/v2\/media?parent=19"}],"curies":[{"name":"wp","href":"https:\/\/api.w.org\/{rel}","templated":true}]}}